00010000110001101
In base 8, what is 14266 + -3?
14263
In base 3, what is -201002 + -1101211?
-2002220
In base 10, what is 286550 - -3?
286553
In base 2, what is -100110001110000001 - -11?
-100110001101111110
In base 3, what is 1101121 + 22122?
1201020
In base 5, what is -14020442 - 14?
-14021011
In base 8, what is 2062 + -551?
1311
In base 13, what is -28 + -1a8c?
-1ab7
In base 15, what is 2 - -b3d5?
b3d7
In base 8, what is 14 - 235116?
-235102
In base 7, what is -342624 - -2?
-342622
In base 14, what is c19 - 3?
c16
In base 8, what is 4 - -63035?
63041
In base 16, what is 993 - 7?
98c
In base 15, what is -32 - -8e08?
8dc6
In base 4, what is 12 - 12123010020?
-12123010002
In base 8, what is -5316162 - 4?
-5316166
In base 10, what is -7 + -47310?
-47317
In base 3, what is 2221 + 211?
10202
In base 14, what is -5031 + -3?
-5034
In base 11, what is 3809a1 - -4?
3809a5
In base 10, what is -232518 - -8?
-232510
In base 2, what is 1001000110100 - 11?
1001000110001
In base 5, what is -43 - 3202131?
-3202224
In base 14, what is -2b737 - -c?
-2b729
In base 10, what is 4 - -17988?
17992
In base 13, what is 4 - 1c60c5?
-1c60c1
In base 12, what is -50 - 7b55?
-7ba5
In base 11, what is -36 + -a98?
-1023
In base 4, what is -13 + 321312033?
321312020
In base 16, what is -ab - -65c?
5b1
In base 4, what is 12203 + -2031?
10112
In base 3, what is 120 - -102102?
102222
In base 11, what is 262 + 21?
283
In base 15, what is -7e2 + 2?
-7e0
In base 13, what is -131 - -7?
-127
In base 5, what is -331 + -10333?
-11214
In base 13, what is 6333 + 2?
6335
In base 3, what is -1011220010 + 10102?
-1011202201
In base 9, what is -867 - 1665?
-2643
In base 15, what is -323d6b - 0?
-323d6b
In base 5, what is -2 + -220412?
-220414
In base 11, what is -2979 - a2?
-2a70
In base 10, what is 875608 - 3?
875605
In base 3, what is 102212202 + -20?
102212112
In base 15, what is -5e273 - 0?
-5e273
In base 2, what is 1011111111110111 + -1000010?
1011111110110101
In base 12, what is 77 - -21ba?
2275
In base 2, what is -100 + -10100101001?
-10100101101
In base 3, what is -111201 - 1121?
-120022
In base 15, what is 47 - a6?
-5e
In base 10, what is -2 - -342?
340
In base 15, what is 535 + 4c?
582
In base 8, what is -5 + -114420?
-114425
In base 15, what is 14130 + 1?
14131
In base 10, what is 501478 + 0?
501478
In base 10, what is -42316 - 15?
-42331
In base 13, what is 101 + 819?
91a
In base 5, what is 100441 - -3?
100444
In base 2, what is -100110101111010 - -10001?
-100110101101001
In base 16, what is 4b3 + -17d?
336
In base 2, what is 100001 + 1000101110101?
1000110010110
In base 10, what is 9 - 635047?
-635038
In base 11, what is 830 + a9?
929
In base 9, what is 16100 + -10?
16080
In base 4, what is 2020 + -21110110?
-21102030
In base 15, what is -cb - 53d?
-619
In base 6, what is -3 - -432104?
432101
In base 6, what is -2 + 2023145?
2023143
In base 2, what is 10010001010010010 - -11?
10010001010010101
In base 12, what is -15b590 - -3?
-15b589
In base 2, what is -11 - 10101011010101?
-10101011011000
In base 5, what is -22010 - -2130?
-14330
In base 2, what is -11010001110000100 + 11?
-11010001110000001
In base 11, what is 2 + 69834?
69836
In base 16, what is -1ac - e?
-1ba
In base 15, what is 8 - 12984?
-1297b
In base 16, what is -1a + 4c19?
4bff
In base 9, what is 180 - 474?
-284
In base 6, what is -51113 - 0?
-51113
In base 14, what is -20 + -106c?
-108c
In base 5, what is -1223300 + -210?
-1224010
In base 4, what is -110310201 - -3?
-110310132
In base 9, what is -30 + 6736?
6706
In base 8, what is 5 - 65567?
-65562
In base 7, what is 5 + -23364?
-23356
In base 7, what is 2 - -6155260?
6155262
In base 5, what is -2 - -31133331?
31133324
In base 11, what is 27 + -7484?
-7458
In base 2, what is -1010010000 - -1001?
-1010000111
In base 6, what is 5301302 - 4?
5301254
In base 7, what is -3 - -5143662?
5143656
In base 14, what is -14 + -498?
-4ac
In base 4, what is 2313 + -1100?
1213
In base 15, what is 6c - -b88?
c05
In base 11, what is 16406 + 26a?
16675
In base 11, what is 54229 - -5?
54233
In base 4, what is 1201 + 21303030?
21310231
In base 11, what is 330 + 81?
401
In base 2, what is 10 - 11110000100000101010?
-11110000100000101000
In base 2, what is 11 + -11100100110010?
-11100100101111
In base 12, what is -995 - -293?
-702
In base 15, what is -91195 + -7?
-9119c
In base 2, what is 1001110100 + 110010111?
10000001011
In base 6, what is -4 - 5012341?
-5012345
In base 15, what is 150 - e?
141
In base 3, what is -10001210 + 120?
-10001020
In base 7, what is 4 - -5543544?
5543551
In base 3, what is 10000021 + 20120?
10020211
In base 15, what is -9b4b + 4?
-9b47
In base 3, what is -11 + 121021001?
121020220
In base 2, what is -10001 + -110100001101?
-110100011110
In base 10, what is -3 + 61610?
61607
In base 2, what is 1 + 1101000001010?
1101000001011
In base 11, what is -311 - -81a?
509
In base 15, what is -22 - -3cec?
3cca
In base 10, what is 5 + -1128539?
-1128534
In base 5, what is -11 + -22214?
-22230
In base 11, what is -1293297 + 3?
-1293294
In base 9, what is 570414 - 0?
570414
In base 7, what is -123 - 131262?
-131415
In base 15, what is -5 + -38609?
-3860e
In base 5, what is -2011 + 301?
-1210
In base 5, what is 21433 - 10320?
11113
In base 9, what is 28787 + 31?
28828
In base 3, what is -10020 - 112?
-10202
In base 12, what is -2 - 7295?
-7297
In base 16, what is 1378 - -1ad?
1525
In base 12, what is -1 + 1bb6?
1bb5
In base 15, what is 1788b - -5?
17891
In base 11, what is 380a4 - 3?
380a1
In base 9, what is -4 - 17366?
-17371
In base 4, what is 100033230 - 2?
100033222
In base 5, what is -1024 - 2304?
-3333
In base 10, what is -119 + 4557?
4438
In base 10, what is -2 + 576159?
576157
In base 8, what is 16065 - -152?
16237
In base 5, what is 4 + -31312?
-31303
In base 3, what is -110212220 + 2000?
-110210220
In base 7, what is -4412 - -245?
-4134
In base 3, what is 10020 - -102200?
112220
In base 13, what is 2 - -37611?
37613
In base 13, what is -4721 + c?
-4712
In base 7, what is -2 + 12615424?
12615422
In base 12, what is 66 + 48b?
535
In base 6, what is 43 + -121523?
-121440
In base 16, what is -4 + 77ab?
77a7
In base 4, what is 10 - 301210111?
-301210101
In base 14, what is 3a3 + -1a25?
-1662
In base 12, what is -2 + -11526?
-11528
In base 15, what is -1 + -40241?
-40242
In base 4, what is -111230 - -21221?
-30003
In base 11, what is -322 + -76?
-398
In base 2, what is 1011011 - 10100011110?
-10011000011
In base 2, what is 1010 - -1001011011101010000?
1001011011101011010
In base 6, what is 123350 - 0?
123350
In base 9, what is 1050 - -54?
1114
In base 15, what is -9 - -45924?
4591a
In base 14, what is -812 - -2?
-810
In base 11, what is -3 - -116936?
116933
In base 4, what is 23 - -11203223?
11203312
In base 7, what is 0 - -1112446?
1112446
In base 7, what is -15101 - -16?
-15052
In base 12, what is 1 - 44153?
-44152
In base 6, what is -334 + -2554?
-3332
In base 12, what is -1 + 4155b?
4155a
In base 9, what is 800857 - 4?
800853
In base 15, what is -a - -1e03c?
1e032
In base 8, what is -1 - -57216?
57215
In base 5, what is 1012130 + 4?
1012134
In base 9, what is 3808 - -526?
4435
In base 3, what is 20001 - -1112201?
1202202
In base 9, what is 0 + -101032?
-101032
In base 15, what is 4 + -ddcea?
-ddce6
In base 14, what is 35897 + 3?
3589a
In base 3, what is -2 + -1022112220?
-1022112222
In base 8, what is 76 - -2307?
2405
In base 2, what is -1111100 + 110000?
-1001100
In base 13, what is 446 - 1c?
427
In base 7, what is -56 + -35520?
-35606
In base 11, what is -3 + a5aa59?
a5aa56
In base 6, what is 22 + -4321?
-4255
In base 10, what is 305028 + 4?
305032
In base 16, what is -b6 + -38?
-ee
In base 7, what is 1535 + 1564?
3432
In base 8, what is 5 - -123252?
123257
In base 4, what is -322 + 23130210?
23123222
In base 15, what is 3 - -1cdaa?
1cdad
In base 8, what is -3 + 751576?
751573
In base 7, what is 562 - -1404?
2266
In base 12, what is -16 - -21035?
2101b
In base 4, what is 2 + 211020?
211022
In base 13, what is -319c6 + b?
-319b8
In base 8, what is -1 + -65663?
-65664
In base 8, what is -24 + -2365?
-2411
In base 13, what is -18527 - 27?
-18551
In base 4, what is -2 - -23120201?
23120133
In base 8, what is 311 - -661?
1172
In base 16, what is 11 + -5c30?
-5c1f
I